{"id":87,"date":"2017-08-02T10:36:21","date_gmt":"2017-08-02T13:36:21","guid":{"rendered":"https:\/\/www.jsrconsultoria.com.br\/?page_id=87"},"modified":"2023-02-01T10:40:23","modified_gmt":"2023-02-01T13:40:23","slug":"dados","status":"publish","type":"page","link":"https:\/\/www.jsrconsultoria.com.br\/?page_id=87","title":{"rendered":"Dados"},"content":{"rendered":"<p><img loading=\"lazy\" decoding=\"async\" class=\"wp-image-81 aligncenter\" src=\"https:\/\/www.jsrconsultoria.com.br\/wp-content\/uploads\/2017\/08\/dados-300x131.jpg\" alt=\"\" width=\"698\" height=\"306\" srcset=\"https:\/\/www.jsrconsultoria.com.br\/wp-content\/uploads\/2017\/08\/dados-300x131.jpg 300w, https:\/\/www.jsrconsultoria.com.br\/wp-content\/uploads\/2017\/08\/dados-768x336.jpg 768w, https:\/\/www.jsrconsultoria.com.br\/wp-content\/uploads\/2017\/08\/dados-1024x449.jpg 1024w, https:\/\/www.jsrconsultoria.com.br\/wp-content\/uploads\/2017\/08\/dados-50x22.jpg 50w, https:\/\/www.jsrconsultoria.com.br\/wp-content\/uploads\/2017\/08\/dados.jpg 1584w\" sizes=\"auto, (max-width: 698px) 100vw, 698px\" \/><\/p>\n<p style=\"text-align: center;\"><strong>Administra\u00e7\u00e3o de rede, Storage, Virturaliza\u00e7\u00e3o VMWare e Hyper-V, controle de acesso a pastas, solu\u00e7\u00e3o de backup, Switch, cabeamento estruturado, routers, wireless.<\/strong><\/p>\n","protected":false},"excerpt":{"rendered":"<p>Administra\u00e7\u00e3o de rede, Storage, Virturaliza\u00e7\u00e3o VMWare e Hyper-V, controle de acesso a pastas, solu\u00e7\u00e3o de backup, Switch, cabeamento estruturado, routers, wireless.<\/p>\n","protected":false},"author":1,"featured_media":0,"parent":0,"menu_order":0,"comment_status":"closed","ping_status":"closed","template":"","meta":{"footnotes":""},"class_list":["post-87","page","type-page","status-publish","czr-hentry"],"_links":{"self":[{"href":"https:\/\/www.jsrconsultoria.com.br\/index.php?rest_route=\/wp\/v2\/pages\/87","targetHints":{"allow":["GET"]}}],"collection":[{"href":"https:\/\/www.jsrconsultoria.com.br\/index.php?rest_route=\/wp\/v2\/pages"}],"about":[{"href":"https:\/\/www.jsrconsultoria.com.br\/index.php?rest_route=\/wp\/v2\/types\/page"}],"author":[{"embeddable":true,"href":"https:\/\/www.jsrconsultoria.com.br\/index.php?rest_route=\/wp\/v2\/users\/1"}],"replies":[{"embeddable":true,"href":"https:\/\/www.jsrconsultoria.com.br\/index.php?rest_route=%2Fwp%2Fv2%2Fcomments&post=87"}],"version-history":[{"count":3,"href":"https:\/\/www.jsrconsultoria.com.br\/index.php?rest_route=\/wp\/v2\/pages\/87\/revisions"}],"predecessor-version":[{"id":132,"href":"https:\/\/www.jsrconsultoria.com.br\/index.php?rest_route=\/wp\/v2\/pages\/87\/revisions\/132"}],"wp:attachment":[{"href":"https:\/\/www.jsrconsultoria.com.br\/index.php?rest_route=%2Fwp%2Fv2%2Fmedia&parent=87"}],"curies":[{"name":"wp","href":"https:\/\/api.w.org\/{rel}","templated":true}]}}